{"id":196,"date":"2025-06-28T16:17:31","date_gmt":"2025-06-28T09:17:31","guid":{"rendered":"https:\/\/meraherb.vn\/?post_type=product&#038;p=196"},"modified":"2025-06-28T16:17:31","modified_gmt":"2025-06-28T09:17:31","slug":"xit-ve-sinh-ray-tai-cho-be-nguoi-lon-acwax-pro","status":"publish","type":"product","link":"https:\/\/meraherb.vn\/?product=xit-ve-sinh-ray-tai-cho-be-nguoi-lon-acwax-pro","title":{"rendered":"X\u1ecbt V\u1ec7 Sinh R\u00e1y Tai Cho B\u00e9 &#038; Ng\u01b0\u1eddi L\u1edbn Acwax Pro"},"content":{"rendered":"<p class=\"QN2lPu\">X\u1ecaT R\u1eecA TAI ACWAX PRO CHO TR\u1eba EM V\u00c0 NG\u01af\u1edcI L\u1edaN<\/p>\n<p class=\"QN2lPu\">X\u1ecbt r\u1eeda tai Acwax Pro l\u00e0 s\u1ea3n ph\u1ea9m an to\u00e0n v\u00e0 hi\u1ec7u qu\u1ea3 cho vi\u1ec7c l\u00e0m s\u1ea1ch tai c\u1ee7a tr\u1ebb em t\u1eeb 3 tu\u1ed5i tr\u1edf l\u00ean v\u00e0 ng\u01b0\u1eddi l\u1edbn. S\u1ea3n ph\u1ea9m gi\u00fap v\u1ec7 sinh l\u1edbp r\u00e1y tai v\u00e0 lo\u1ea1i b\u1ecf c\u00e1c d\u1ecb v\u1eadt nh\u1ecf c\u00f3 th\u1ec3 b\u00e1m trong tai, t\u1eeb \u0111\u00f3 gi\u00fap duy tr\u00ec s\u1ea1ch s\u1ebd v\u00e0 \u1ed5n \u0111\u1ecbnh th\u00ednh gi\u00e1c.<\/p>\n<p class=\"QN2lPu\">Th\u00e0nh ph\u1ea7n ch\u00ednh c\u1ee7a x\u1ecbt r\u1eeda tai Acwax Pro An Ch\u00e2u bao g\u1ed3m Natri bicarbonate v\u00e0 Glycerine, gi\u00fap l\u00e0m m\u1ec1m r\u00e1y tai \u0111\u1ec3 d\u1ec5 d\u00e0ng lo\u1ea1i b\u1ecf. S\u1ef1 k\u1ebft h\u1ee3p v\u1edbi Nano b\u1ea1c v\u00e0 Methol cung c\u1ea5p c\u00f4ng d\u1ee5ng l\u00e0m s\u1ea1ch m\u1ea1nh m\u1ebd, \u0111\u1ed3ng th\u1eddi gi\u00fap gi\u1ea3m ng\u1ee9a tai hi\u1ec7u qu\u1ea3.<\/p>\n<p class=\"QN2lPu\">V\u1edbi ch\u1ec9 m\u1ed9t thao t\u00e1c x\u1ecbt \u0111\u01a1n gi\u1ea3n, sau \u0111\u00f3 \u0111\u1ee3i trong v\u00f2ng 1 ph\u00fat v\u00e0 lau s\u1ea1ch b\u1eb1ng b\u00f4ng m\u1ec1m, b\u1ea1n \u0111\u00e3 c\u00f3 th\u1ec3 lo\u1ea1i b\u1ecf l\u1edbp r\u00e1y tai v\u00e0 c\u00e1c d\u1ecb v\u1eadt nh\u1ecf trong tai m\u00e0 kh\u00f4ng g\u00e2y t\u1ed5n th\u01b0\u01a1ng cho m\u00e0ng nh\u0129. \u0110\u00e2y th\u1ef1c s\u1ef1 l\u00e0 m\u1ed9t gi\u1ea3i ph\u00e1p ti\u1ec7n l\u1ee3i v\u00e0 an to\u00e0n cho vi\u1ec7c v\u1ec7 sinh tai h\u00e0ng ng\u00e0y.<\/p>\n<p class=\"QN2lPu\">\n<p class=\"QN2lPu\">C\u00d4NG D\u1ee4NG<\/p>\n<p class=\"QN2lPu\">&#8211; H\u1ed7 tr\u1ee3 l\u00e0m gi\u1ea3m ng\u1ee9a tai, v\u1ec7 sinh l\u1edbp r\u00e1y tai v\u00e0 c\u00e1c d\u1ecb v\u1eadt nh\u1ecf b\u00e1m trong tai gi\u00fap l\u00e0m s\u1ea1ch \u1ed1ng tai v\u00e0 \u1ed5n \u0111\u1ecbnh th\u00ednh gi\u00e1c.<\/p>\n<p class=\"QN2lPu\">\n<p class=\"QN2lPu\">TH\u00c0NH PH\u1ea6N<\/p>\n<p class=\"QN2lPu\">&#8211; Natri bicarbonate, Menthol, Polysorbat 20, Ethanol, Glycerine, Benzalkonium Chloride, Nano b\u1ea1c, N\u01b0\u1edbc tinh khi\u1ebft v\u1eeba \u0111\u1ee7 20ml.<\/p>\n<p class=\"QN2lPu\">\n<p class=\"QN2lPu\">\u0110\u1ed0I T\u01af\u1ee2NG S\u1eec D\u1ee4NG<\/p>\n<p class=\"QN2lPu\">&#8211; D\u00f9ng cho tr\u1ebb em t\u1eeb 3 tu\u1ed5i tr\u1edf l\u00ean v\u00e0 ng\u01b0\u1eddi l\u1edbn b\u1ecb ng\u1ee9a tai, d\u00f9ng \u0111\u1ec3 v\u1ec7 sinh l\u1edbp r\u00e1y tai v\u00e0 c\u00e1c d\u1ecb v\u1eadt nh\u1ecf b\u00e1m trong tai gi\u00fap l\u00e0m s\u1ea1ch \u1ed1ng tai v\u00e0 \u1ed5n \u0111\u1ecbnh th\u00ednh gi\u00e1c.<\/p>\n<p class=\"QN2lPu\">\n<p class=\"QN2lPu\">H\u01af\u1edaNG D\u1eaaN S\u1eec D\u1ee4NG<\/p>\n<p class=\"QN2lPu\">-Th\u00e1o n\u1eafp v\u00f2i x\u1ecbt, x\u1ecbt v\u00e0o trong h\u1ed1c tai m\u1ed7i l\u1ea7n 2 \u0111\u1ebfn 3 nh\u00e1t \u0111\u1ec3 1 ph\u00fat sau \u0111\u00f3 d\u00f9ng b\u00f4ng m\u1ec1m s\u1ea1ch v\u1ec7 sinh l\u1ea1i.<\/p>\n<p class=\"QN2lPu\">\n<p class=\"QN2lPu\">\ufe0f B\u1ea2O QU\u1ea2N<\/p>\n<p class=\"QN2lPu\">&#8211; B\u1ea3o qu\u1ea3n n\u01a1i kh\u00f4, nhi\u1ec7t \u0111\u1ed9 d\u01b0\u1edbi 30 \u0111\u1ed9 C, tr\u00e1nh \u00e1nh n\u1eafng tr\u1ef1c ti\u1ebfp.<\/p>\n<p class=\"QN2lPu\">\n<p class=\"QN2lPu\">L\u01afU \u00dd<\/p>\n<p class=\"QN2lPu\">&#8211; Kh\u00f4ng \u0111\u1ec3 ti\u1ebfp x\u00fac v\u00e0o m\u1eaft.<\/p>\n<p class=\"QN2lPu\">&#8211; \u0110\u1ec3 xa t\u1ea7m tay c\u1ee7a tr\u1ebb em. \u0110\u1ecdc k\u1ef9 h\u01b0\u1edbng d\u1eabn s\u1eed d\u1ee5ng tr\u01b0\u1edbc khi d\u00f9ng.<\/p>\n<p class=\"QN2lPu\">&#8211; N\u1ebfu c\u1ea7n th\u00eam th\u00f4ng tin, xin h\u1ecfi \u00fd ki\u1ebfn b\u00e1c s\u0129.<\/p>\n","protected":false},"excerpt":{"rendered":"<p>X\u1ecaT R\u1eecA TAI ACWAX PRO CHO TR\u1eba EM V\u00c0 NG\u01af\u1edcI L\u1edaN X\u1ecbt r\u1eeda tai Acwax Pro l\u00e0 s\u1ea3n ph\u1ea9m an to\u00e0n v\u00e0 hi\u1ec7u qu\u1ea3 cho vi\u1ec7c l\u00e0m s\u1ea1ch tai c\u1ee7a tr\u1ebb em t\u1eeb 3 tu\u1ed5i tr\u1edf l\u00ean v\u00e0 ng\u01b0\u1eddi l\u1edbn. S\u1ea3n ph\u1ea9m gi\u00fap v\u1ec7 sinh l\u1edbp r\u00e1y tai v\u00e0 lo\u1ea1i b\u1ecf c\u00e1c d\u1ecb v\u1eadt nh\u1ecf [&hellip;]<\/p>\n","protected":false},"featured_media":197,"comment_status":"open","ping_status":"closed","template":"","meta":[],"product_brand":[28],"product_cat":[20],"product_tag":[],"class_list":{"0":"post-196","1":"product","2":"type-product","3":"status-publish","4":"has-post-thumbnail","6":"product_brand-an-chau","7":"product_cat-cham-soc-co-the","9":"first","10":"instock","11":"purchasable","12":"product-type-simple"},"_links":{"self":[{"href":"https:\/\/meraherb.vn\/index.php?rest_route=\/wp\/v2\/product\/196","targetHints":{"allow":["GET"]}}],"collection":[{"href":"https:\/\/meraherb.vn\/index.php?rest_route=\/wp\/v2\/product"}],"about":[{"href":"https:\/\/meraherb.vn\/index.php?rest_route=\/wp\/v2\/types\/product"}],"replies":[{"embeddable":true,"href":"https:\/\/meraherb.vn\/index.php?rest_route=%2Fwp%2Fv2%2Fcomments&post=196"}],"version-history":[{"count":1,"href":"https:\/\/meraherb.vn\/index.php?rest_route=\/wp\/v2\/product\/196\/revisions"}],"predecessor-version":[{"id":198,"href":"https:\/\/meraherb.vn\/index.php?rest_route=\/wp\/v2\/product\/196\/revisions\/198"}],"wp:featuredmedia":[{"embeddable":true,"href":"https:\/\/meraherb.vn\/index.php?rest_route=\/wp\/v2\/media\/197"}],"wp:attachment":[{"href":"https:\/\/meraherb.vn\/index.php?rest_route=%2Fwp%2Fv2%2Fmedia&parent=196"}],"wp:term":[{"taxonomy":"product_brand","embeddable":true,"href":"https:\/\/meraherb.vn\/index.php?rest_route=%2Fwp%2Fv2%2Fproduct_brand&post=196"},{"taxonomy":"product_cat","embeddable":true,"href":"https:\/\/meraherb.vn\/index.php?rest_route=%2Fwp%2Fv2%2Fproduct_cat&post=196"},{"taxonomy":"product_tag","embeddable":true,"href":"https:\/\/meraherb.vn\/index.php?rest_route=%2Fwp%2Fv2%2Fproduct_tag&post=196"}],"curies":[{"name":"wp","href":"https:\/\/api.w.org\/{rel}","templated":true}]}}